(-3 - (-7 + -8))?
-14
What is -9 + -1 + 23 - (2 - -7)?
4
What is the value of -9 - (-17 - (-11 - 4))?
-7
Evaluate -1 + -1 - (11 + -9) - 4.
-8
What is -21 + 17 + (-9 - (-24 - -9))?
2
Calculate 22 - (-6 - (-25 + 11 + 0)).
14
What is the value of (8 + -5 - (4 - -2)) + 92 + -93?
-4
What is -1 + 22 + (13 + -18 - (-2 + 1))?
17
Calculate -5 + 8 + -9 - -2 - 5 - 10.
-19
(-11 + 15 - 12) + 1
-7
Calculate (-2 - -14) + 16 - 24.
4
Evaluate -2 + 23 - 19 - 0.
2
Evaluate 143 - 101 - (-3 - -19).
26
What is -7 - (3 + -42 + 12)?
20
Evaluate 13 + -16 + 18 - 14.
1
-12 + (52 - (24 + -9)) + -6
19
What is the value of -16 + 11 + (-2 - -5)?
-2
What is the value of 31 + (-59 - -23) + 6?
1
Evaluate 25 + -5 - ((-8 - -9) + 11).
8
Evaluate -211 + 227 + -1 + -4.
11
Calculate (-3 - -17 - 16) + (-4 - -1) - -8.
3
Calculate 0 - (-19 - -25) - (0 + 6).
-12
What is the value of -14 + 31 + -5 + 7?
19
What is 13 + 9 + -15 + -16?
-9
255 - 254 - (8 - 2)
-5
What is the value of -2 - 4 - (7 + -5 + 1 - 8)?
-1
Evaluate -3 + (6 - (1 - (3 + -9) - -6)).
-10
Evaluate (16 - 2) + -7 + -16 + 41 - 9.
23
What is the value of -16 + -75 + 110 + (8 - 1)?
26
Calculate -28 + (-35 - (-27 - 5)).
-31
Evaluate (-4 - 13 - -25) + (1 - 1) + -32.
-24
(1 - -18) + (275 - 293)
1
What is 27 + 5 + 7 - 34?
5
What is -1 - 0 - (-30 - -16) - (1 - -3)?
9
What is the value of 4 + 9 + -7 + 6?
12
4 + (4 - 2 - ((-9 - 0) + 13))
2
(1 - (-7 + 3)) + -6 - (0 - 5)
4
-34 + (73 - 60) + (-5 - 0)
-26
What is the value of (48 - 44) + -2 + 1?
3
What is the value of (3 - 0 - (24 - 24)) + -23?
-20
Evaluate (4 + (0 - -10) - 9) + -4.
1
Calculate -69 - -139 - 56 - (-3 + 1).
16
What is the value of 10 + (9 - (7 - -10))?
2
Calculate 5 + -4 - 2 - 1 - (-6 - 6).
10
Evaluate -17 - (16 + -30) - (1 - (3 - -1)).
0
What is -31 - -22 - (1 + 4)?
-14
Calculate -4 - (3 - (4 - -16) - (-1 + -4)).
8
Calculate (-15 - -12) + 3 - -7 - 4.
3
-8 - (27 + (-5 - (2 + -7 + 9)))
-26
Evaluate -1 + -5 + 81 + -91.
-16
Evaluate -10 + (-2 - 0 - 3) - -8.
-7
What is -1 - ((5 - -3 - 5) + 1)?
-5
Calculate 13 + 2 - ((6 - 0) + 9).
0
Calculate -8 + -1 - (-3 + 4 - (58 - 32)).
16
27 + -23 + 23 + -6
21
Evaluate -3 - 2 - (-1 - -6 - (13 + -8)).
-5
Evaluate -10 + 3 + -6 + 70 + -68.
-11
Calculate 8 + (-5 - 3) + -3 + 10.
7
Evaluate -4 + 0 - (4 + -12 - 0).
4
Calculate -7 + -8 + 14 - (3 - -6 - 0).
-10
Calculate (-38 - -32) + -5 + -9 + 4 + -2.
-18
What is 3 + 2 - 13 - (-12 - -9)?
-5
Calculate (-1 + 5 - 0) + (-13 - 0) + 32.
23
Calculate (1 - (-12 - -14)) + (-2 - -2 - -8).
7
What is -63 + 27 + (-7 - (3 + -14))?
-32
What is 33 + (-7 + 4 + 0 - -1) + -2?
29
Calculate -12 + (6 - (-16 - -35)) + 5.
-20
What is the value of -77 + 64 - (-14 - -1) - 32?
-32
Evaluate -6 + -4 + (9 - (18 + 9 - 10)).
-18
Calculate (10 - -17 - 13) + 5 - -5.
24
Calculate (17 + 26 - 77) + 27.
-7
Evaluate 3 + -3 - -2 - -11.
13
Evaluate 488 + -480 - (3 + -1).
6
Calculate 6 + ((9 - 11 - 4) + 16 - 8).
8
What is (-13 - -11) + (-6 - -12) + -28?
-24
-6 + (-22 - -10 - -26)
8
(-1 - -2) + 2 + 1 + -8 + 14
10
Evaluate 50 + -23 + -28 - -21.
20
What is the value of 1 + -3 + 6 + -3 - 6 - -3?
-2
8 + (9 - 22) + -2 + 3
-4
What is -37 - -35 - 19 - -6?
-15
Evaluate -19 - (-33 - -19 - -4).
-9
Calculate -9 - -19 - (6 - (10 + 4)).
18
Calculate -17 + (-11 - -18) + 19.
9
Calculate 68 + -60 - (-2 + (25 - 2)).
-13
What is the value of 1 + -3 + 6 + (-29 - -32)?
7
Calculate -5 + -2 + 2 + (11 - 4) - 13.
-11
Calculate 10 + -9 + 11 + (-4 - (6 + -5)).
7
1 + -8 + -10 + (32 - 30)
-15
Evaluate -17 + ((-12 - -12) + (-7 - -3) - 0).
-21
What is the value of -2 - 1 - (928 + -938)?
7
Calculate -1 + 8 - (12 - (9 + 0)).
4
Calculate (-27 - -19) + -21 + 42.
13
-6 - (-34 - (-1 + -15))
12
Calculate (-7 - (6 + -2 + 2)) + 11 - -30.
28
Evaluate 28 + (7 - 40) + 6.
1
Evaluate -5 + 13 - (-74 - -69).
13
What is (-7 - (-3 + -25) - 4 - 8) + -2?
7
Calculate 5 - ((9 - (-12 + 13)) + -5).
2
Calculate -6 + (-22 - -16) + -7.
-19
(24 - (-26 + 27)) + -13
10
What is (-6 - (-3 - -3 - 4)) + (40 - 13)?
25
What is (-14 - -8) + -9 + 4 - -4?
-7
Evaluate -60 + (-6 - (4 + -39)).
-31
What is the value of (5 - (-23 - -8)) + 1 + -5?
16
What is -9 + (7 - (-2 - -7) - -5)?
-2
Calculate (-14 - -20 - -13) + (-1 - -7).
25
Evaluate -27 - -26 - (-1 + 2 - 6).
4
What is 0 + -36 - (-605 - -574)?
-5
What is -2 + (8 - -21) + -12?
15
Calculate -24 - (5 + (-18 - -17) + -6 + 4).
-26
9 - 12 - (-5 + 1 + 0 + -4)
5
-1 - 0 - (7 - 7) - (-1 - 7)
7
What is the value of 23 + -38 + (-11 - -30)?
4
What is the value of (-4 - -3) + -2 - (-50 + 50) - -4?
1
What is the value of -87 + (0 - -86) + 1 + -1 + -20?
-21
20 + 0 + -20 + 296 + -289
7
Calculate 4 + 2 - (46 + -17 + -38).
15
What is the value of -10 + 0 - -21 - 10?
1
26 - (0 - -11) - 21
-6
What is -25 + 33 + (18 - 40)?
-14
Calculate 2 + -3 - -7 - (-1 + 9 - 5).
3
Calculate -419 + 460 - (2 + 42).
-3
What is the value of 6 + -40 + (-49 - -76)?
-7
What is 2 + 19 + -50 + (35 - -4)?
10
Calculate 2 + -9 + (-26 - (-8 + -43)).
18
(-401 - -425) + (2 + -2 - (0 - -11))
13
Evaluate -4 - 7 - (4 + 0 - 20).
5
What is 7 - ((-9 - -1) + 5)?
10
Calculate (0 - -2) + (-83 + 49 - -35).
3
Evaluate -2 - (16 - 6 - 13).
1
Evaluate 2 + -1 + (0 - -8) + 390 + -411.
-12
What is 1 - (-3 - -1) - ((-12 - -24) + -4)?
-5
Calculate 3 - (-13 + 25 + -15).
6
What is -35 - (12 - 52 - 13)?
18
Calculate -2 + 3 - (9 - 6) - (2 + 0).
-4
What is the value of -18 + (-12 - -1 - -21) + -1 + -2?
-11
-42 + 54 + -4 + -21
-13
What is the value of -8 + -10 + 6 + 47?
35
What is the value of -8 - (11 - (11 + 7) - 9)?
8
1 + 2 + 1 - (24 + 9 - 39)
10
(9 - (-3 + (22 - 5))) + 14
9
31 + -76 + (33 - -5)
-7
Calculate 10 + (-6 - -6) - (10 - 0).
0
Calculate (4 - -9) + -9 + 3 + 4.
11
What is 9 - -2 - (-6 + (1 - -7))?
9
(7 - 6) + 6 - 7 - 0
0
(-151 - -196) + (3 - (12 + 1))
35
What is the value of -26 + 1 - -35 - 7?
3
What is the value of -9 + (7 - (7 + -10 + -3 + 18))?
-14
What is the value of 6 + -1 + 1 - -5?
11
What is the value of -7 + (-2 - 3 - (-11 + (-4 - -8)))?
-5
Calculate ((-16 - -17) + -6 - (-1 - 31)) + -8.
19
What is 591 + -590 - (-4 + (-2 - (-3 + 1)))?
5
Evaluate -3 + (-2 + (-3 - (-2 + 5)) - 8).
-19
What is -10 - (5 - 9 - 10 - -5) - -7?
6
-1 + 9 + 30 + -14 + 4 + -21
7
Evaluate 19 + 29 + -7 + -16.
25
What is the value of 12 - -3 - (1 + (0 - -3))?
11
What is the value of (28 - 11) + 6 + (-2 - 1)?
20
What is (3 - (-7 - -1)) + (0 - -2)?
11
What is (15 - 13) + -11 + -3 - -9?
-3
What is the value of 9 - (1 + 3 - (0 + 8)) - 4?
9
What is -10 + (3 - -3 - 7) + -3?
-14
What is 177 + -156 + -2 + (-7 - 1)?
11
(15 - (-2 + -1)) + 8 + -14
12
Calculate -10 + -5 + -1 + -4.
-20
What is the value of (1 - 0) + (20 + 0 - (57 + -40))?
4
(-7 + 4 - (8 - (16 - 9))) + -2
-6
What is -1 + 6 + (7 - (-19 - -9))?
22
Evaluate 3 + (-44 - 1) - ((52 - 20) + -40).
-34
What is 13 - (-1 + -10 + 19)?
5
(11 - 10) + 12 - (18 + -11)
6
149 + -119 - (-2 - -15)
17
Calculate -8 + 12 - (1 - -3) - 5.
-5
Calculate (-28 - -24 - -24) + 7.
27
17 - 22 - (-7 - 0)
2
What is (-3 - (-6 + -2)) + 1 + 0 + 8?
14
Evaluate 0 - (5 - (-9 + 7)).
-7
What is -8 + -5 + (-9 - -5 - -5)?
-12
Calculate (-9 - (-11 + 1)) + -3 + 8.
6
Calculate -25 + 9 + 7 - -1.
-8
What is the value of (0 + 7 - (10 - -2)) + -5?
-10
Evaluate -3 - -15 - (19 + 1) - -11.
3
Evaluate 26 + 4 - (93 - 36).
-27
-7 + (-17 - (-5 + -4) - -8) - -24
17
What is the value of 3 + -7 + 12 + -28 + 3?
-17
What is the value of -11 - (12 + -3 - (0 - -6))?
-14
What is -3 - (2 - 11) - (30 - 51)?
27
Calculate 10 + (-2 - (13 - 5)) - (1 - -7).
-8
(1 - -1) + (0 - -1 - (-15 + 22))
-4
Evaluate (12 - 11) + 13 + 3.
17
What is 2 + (6 - 0) + -2274 + 2278?
12
What is the value of -7 + 7 + 8 + -9 + 20?
19
Evaluate (-2 - 3 - -1) + (-6 - (8 + -7)).
-11
What is (-7 - -3) + (32 + -39 - (0 - 2))?
-9
Calculate (-16 - 0 - (38 - 46)) + 3.
-5
What is 0 + (-7 + 28 + -9 - 3) - 9?
0
What is (11 - (31 - 13)) + 15 - -21?
29
Evaluate 6 + -2 + 8 + (16 - (4 - 13)).
37
What is 517 + -537 - (-6 - 1)?
-13
Calculate -6 + 0 - (13 + 1 + -5).
-15
Calculate -12 - -13 - (-7 - (-6 + 4)).
6
Evaluate -41 + (-20 - -54) - -26.
19
What is (-290 - -313) + (-21 - 1)?
1
1 - 1 - (23 - (26 + 11))
14
What is the value of -7 - (-4 + (13 - 17))?
1
Evaluate -119 + 113 - (12 - 3 - 3).
-12
What is the value of (4 + -12 - 9) + 24?
7
What is the value of 13 + 23 + -76 - -27?
-13
Evaluate 8 + -28 + (-6 